3*m + 90 = -3*o. Let j = m + -21. What are the prime factors of j?
2, 7
Let h = -64 + 94. Suppose -5*y + h = -2*p, -p = -y - 3*p - 6. What are the prime factors of -2*3*(-2)/y?
3
What are the prime factors of 1308/21 + (-2)/7?
2, 31
Suppose -n + 4 = -3*n. Let d be (-6)/(-12) - 5/n. Suppose -3*u - 4*r = -27, -d*u + 8 = -2*u + r. What are the prime factors of u?
5
Suppose 0 = -3*f + 7 + 2. List the prime factors of f*1*(7 - 6).
3
Let a = 22 + -36. Let b = 24 + a. What are the prime factors of b?
2, 5
Let g = 35 + -25. Suppose 0 = 5*z - g*z + 35. What are the prime factors of z?
7
Suppose -5*t - 8 = 2*f, 17 = -2*t - 4*f + 1. Suppose u + t*u - 8 = 0. Suppose 4*g = 5*d - 51, 0 = -d + 4*g + u + 15. What are the prime factors of d?
7
Let l(r) = 3*r**2 - 2*r - 1. Let s(m) be the first derivative of -m**3/3 + 3*m**2 - 6*m + 1. Let z be s(5). List the prime factors of l(z).
2
Suppose -o - 4 + 17 = 5*j, 3*o - 17 = -4*j. Suppose 0 = v + 5*n + 15 - 2, o*v = -4*n - 6. Suppose -v*p + 35 = k - 8, -12 = -4*k. List the prime factors of p.
2, 5
Suppose 7*u - 60 = 5*u. What are the prime factors of u?
2, 3, 5
Let q(y) be the second derivative of y**5/20 + y**4/12 - y**3/6 + 3*y**2/2 - 2*y. Let o be q(0). List the prime factors of (2/(-4))/(o/(-36)).
2, 3
Let p be 4/(-16) + (-22)/8. Let f be (3 - 3) + (1 - p). Suppose -r = -4*d + 17, d + r + f = 4*r. What are the prime factors of d?
5
Let f = 23 - 16. List the prime factors of f.
7
Let b be 295/9 - 2/(-9). Let i = -16 + b. What are the prime factors of i?
17
Suppose y - 62 = 5*x, 22 = -x + 4*y + y. Suppose -n = 5*v - 4*n + 40, -4*v - 3*n - 32 = 0. List the prime factors of (-3)/x + (-70)/v.
3
Let s(r) = -r**2 + 25. Let q be s(0). Suppose -31 - q = -2*b. What are the prime factors of b?
2, 7
Suppose 3*t - 13 = 5*i, 0*i + i - 7 = 3*t. List the prime factors of (t - 0)/(2/(-1)).
2
Let h = 5 - 2. Suppose -s + 0 = -h. Suppose 4*k + s*b = 50, -k + 4 + 5 = -b. What are the prime factors of k?
11
Let k(h) = 2*h**2 - 2*h + 7. Let r(s) be the second derivative of s**4/12 - s**3/6 + 3*s**2 + 2*s. Let x(l) = 3*k(l) - 4*r(l). List the prime factors of x(3).
3
Let n = -4 + 4. Suppose 19 = -m + 5*u, n = -2*m - 3*u + 12 + 15. What are the prime factors of m?
2, 3
Let k(l) = 2*l**2 - 40*l + 34. What are the prime factors of k(22)?
2, 61
Suppose -3*o + 2*o = 0. Let a be (-1)/((1 + o)/(-3)). Suppose 1 = 2*k - a. What are the prime factors of k?
2
Let j be (-10)/(-4) + (-2)/(-4). Suppose j*t - 4*a = 8*t + 63, 3*t + 31 = a. What are the prime factors of t/(-3) - 2/(-6)?
2
Let l be 13/2 - (-4)/(-8). What are the prime factors of (-21)/l*(1 + -7)?
3, 7
Let o(q) = 5*q**2 + 13*q + 23. List the prime factors of o(-8).
239
What are the prime factors of ((-54)/(-63))/(1/84)?
2, 3
Let l(q) be the second derivative of q**5/10 + q**4/12 + q**3/6 - q**2/2 + 3*q. Let h be l(1). Suppose h*o + 33 = 6*o. What are the prime factors of o?
11
List the prime factors of (-112)/20*(-15)/6.
2, 7
Let s(c) = c**2 + 7*c + 6. Let t be (7/3)/(5/(-15)). Let g be s(t). Suppose 28 = -2*m + g*m. What are the prime factors of m?
7
Let z(j) = -2*j + 1. Let m be z(-2). Suppose -m*b + 59 - 9 = 0. List the prime factors of b.
2, 5
Let j(b) = b**3 - 2*b**2 - 2*b - 1. Let y be j(-2). Let v = y - -21. What are the prime factors of v?
2
Suppose 0*q = -3*q - 3. Suppose -s = -5, 2*s = -w - 2*w + 25. Let c = q + w. What are the prime factors of c?
2
Let w be 8/6*27/(-2). Let b(i) = 3*i**2 - 2*i + 4. Let n be b(3). Let y = n + w. List the prime factors of y.
7
Suppose 5*z + 2*h - 11 - 420 = 0, 0 = 4*z + 3*h - 342. List the prime factors of z.
3, 29
Let h = 17 + -12. Suppose -4*s - s - h*z = -165, 0 = -5*s - 4*z + 162. List the prime factors of s.
2, 3, 5
Let b = 66 + -38. List the prime factors of b.
2, 7
Let j = -8 - -6. List the prime factors of 0 + j - 18/(-1).
2
Suppose 5*a - 2*a + 9 = 0. List the prime factors of 6/4*(-8)/a.
2
Suppose -i - 12 = -4*c, 4*c - 12 = -i - 0. Let t(x) = 2*x + 2. What are the prime factors of t(c)?
2
Suppose -s = -5*o + 2*s + 208, 4*o - 5*s = 169. List the prime factors of o.
41
Suppose 7*f = 12*f - 860. Suppose -3*o + f = -7*p + 2*p, 2*o + 4*p = 100. List the prime factors of o.
2, 3
List the prime factors of -1 - -80 - (-1 + -2).
2, 41
Let p(k) = -k**3 - 7*k**2 - k + 6. What are the prime factors of p(-7)?
13
Let m(a) = -3*a - 3*a + 4*a - 2. Let j be m(-2). List the prime factors of (-3*4/(-3))/j.
2
Let l = 90 + -35. What are the prime factors of l?
5, 11
Let g = -4 + 3. Let f = 1 - g. List the prime factors of f.
2
Let g(p) = 2*p - 3. Let u be g(2). List the prime factors of 0/u - (2 + -20).
2, 3
Suppose 3*w = -5*m + w - 45, 2*m = -5*w - 18. Let q = m - -26. What are the prime factors of q?
17
Let k(g) = -g**3 - 9*g**2 + 11*g + 15. Let d be k(-10). Let o = 19 - d. List the prime factors of o.
2, 7
Suppose 3*a - 100 = h + 71, -3*a + 3*h + 177 = 0. List the prime factors of a.
2, 7
Let q(r) = -r + 4. Let u be -1*(2 - 5) - 0. Let z = u - 3. List the prime factors of q(z).
2
Let v = 133 - 56. Let p = v + -40. List the prime factors of p.
37
Suppose -2*d + 5*g = -1 + 3, -5*d + 12 = -4*g. Suppose d*i - 44 = -0. What are the prime factors of i?
11
Let a = -18 - -47. What are the prime factors of a?
29
Let o(r) = -3*r + 5*r**2 - 1 - 4*r**2 + 2. Suppose 5*z = -0*z + 20. List the prime factors of o(z).
5
Suppose 2*n + 2*n = -12. Let k = n - -10. What are the prime factors of k?
7
Let n(f) = -f**3 - 5*f**2 - 4*f - 5. Let b be n(-4). Let v = 9 + b. Suppose 3*j - 5 = 4*o - 29, -v*j = 2*o + 10. What are the prime factors of o?
3
Suppose 20 + 22 = 2*v. Suppose -v = r - 4*r. Let f = 16 - r. What are the prime factors of f?
3
Let m be (-1)/((-1)/(-3)*-1). Let g = 3 + -4. Let y = g + m. List the prime factors of y.
2
Let p(w) = -w**2 + 4*w + 3. Let u be p(4). Suppose 0*r + u = r. Suppose -6 = 4*c - 2, 5*s - 42 = -r*c. What are the prime factors of s?
3
Let z(c) = -100*c**3 + 2*c**2 - 1. What are the prime factors of z(-1)?
101
Suppose -147 = y + 11. List the prime factors of 10/(-65) - y/13.
2, 3
Suppose 0 = -0*i - 2*i + 64. List the prime factors of i.
2
Suppose 13 = 5*q - 47. Suppose -q = p - 5*p. Let d = p + -1. What are the prime factors of d?
2
Let c = 12 + -28. Let v = 82 + c. List the prime factors of 1/(-3*(-2)/v).
11
Let f(n) = -n**2 + 13*n - 3. Let g(u) = 3*u**2 - 38*u + 10. Let y = -4 - -1. Let x(b) = y*g(b) - 8*f(b). List the prime factors of x(7).
3, 5
Let r(l) = l**2 - 6*l - 7. Let o be r(7). Suppose o = 4*p - 9 + 1. List the prime factors of p.
2
Let a(z) = -z + 4. Let p be a(-5). Let g be 4/18 - 191/p. Let o = g + 39. What are the prime factors of o?
2, 3
Let n = 54 - -24. List the prime factors of n.
2, 3, 13
Suppose -2*u - 8 = -6*u. Let j(g) = 6*g - 1. Let x(l) = -13*l + 1. Let v(b) = u*x(b) + 5*j(b). What are the prime factors of v(2)?
5
Let u(x) = -x**3 - 6*x**2 + 6*x - 2. Let o be u(-7). Suppose o*w - 31 = 94. What are the prime factors of w?
5
Let u = 1 - -4. Let g(w) = 6*w + 0 + 8*w**2 - w**3 + 0 - 4*w**2. List the prime factors of g(u).
5
Let y = 8 + -2. Let w(r) = r**3 - 5*r**2 + r - 7. Let a be w(5). Let b = y - a. What are the prime factors of b?
2
Let t(a) = -a - 7. Let h(u) = u + 7. Let b(i) = 6*h(i) + 5*t(i). List the prime factors of b(0).
7
Suppose 0 = -4*d, 5*i - 2*i = -2*d + 360. What are the prime factors of i?
2, 3, 5
Let b(q) = -q + 3. Let g be b(3). Let p(o) = -3*o + 37. What are the prime factors of p(g)?
37
Suppose 8*n - 348 = 2*n. List the prime factors of n.
2, 29
Let u(m) = 5*m**3 - 2*m**2 + 2*m + 2. List the prime factors of u(2).
2, 19
Let l be ((-12)/10)/((-8)/20). Suppose -11 + 86 = l*k. Suppose -2*h - 3*h - z = -32, 4*h = -z + k. What are the prime factors of h?
7
Suppose 0 = 4*c - 0*c - 60. Suppose -2*i - c = -3*i. List the prime factors of i.
3, 5
Suppose 0 = y + 2*o - 20, 0 = 4*o + 3 + 1. List the prime factors of y.
2, 11
Let y(f) = f**3 - 6*f**2 - 19*f + 16. List the prime factors of y(10).
2, 113
Let o(j) = -34*j + 6. Let l be o(-7). Suppose -4*v - 25 = -4*q + 211, 4*q + 4*v = l. Suppose -4*s = s - q. List the prime factors of s.
2, 3
Suppose -u - 18 + 53 = 0. Suppose -5*k + u + 10 = 0. What are the prime factors of 30/((-6)/k*-3)?
3, 5
Let j be 1/((-4 - -3)*-1). What are the prime factors of j*-2*408/(-